ided by f(q)?
25
Let b = -228 + 230. Suppose -94 - 20 = -4*j + b*z, -5*j = -5*z - 135. What is the remainder when 148 is divided by j?
28
Let l = 325 - 286. Calculate the remainder when 2807 is divided by l.
38
Let h be (-4)/2*99/18. Let m be (-3 - h)/(-4) - 6. Let y = m + 10. What is the remainder when 7 is divided by y?
1
Suppose -4*o + 13 = 9. Suppose 7*m - o = -1. Suppose -v + 4*v - 165 = m. Calculate the remainder when v is divided by 21.
13
Let y = -28187 - -28412. Calculate the remainder when 667 is divided by y.
217
Suppose 4*k - 64*c = -60*c + 96, 12 = -4*c. What is the remainder when k is divided by 9/(-6)*(2 - (-46)/(-3))?
1
Let a(i) = -7*i + 2. Let x(g) = 2*g**2 + 4*g + 1. Let z be x(4). Let h = z - 44. What is the remainder when a(-1) is divided by h?
4
Suppose 0 = -8*y + 2 + 6. Suppose y = 9*z - 17. Suppose -k = 4*k + 3*j - 45, 17 = z*k + j. What is the remainder when k is divided by 2?
0
Suppose 745 = 234*x - 1576 - 1657. Let s(m) = 4*m**2 + 4*m + 4. Calculate the remainder when s(-3) is divided by x.
11
Let d(a) = 1355*a + 195. Calculate the remainder when d(0) is divided by 49.
48
Suppose 0 = 247*b + 339*b - 1758. What is the remainder when 961 is divided by b?
1
What is the remainder when (4576/110)/(-3*(-8)/300) is divided by 105?
100
Let y = -14 - -25. What is the remainder when y is divided by 9 - 4/(16/20)?
3
Let o(c) = 2*c**3 - 2*c**2 - 7*c + 4. Let p = 107 - 103. Let k be 9/12*-1*-1*p. Calculate the remainder when 24 is divided by o(k).
5
Suppose -2*f + f - 4*s - 14 = 0, f + 2 = -s. Calculate the remainder when -2*(182/(-4) + f) is divided by 45.
42
Let z(u) = -u**2 + 5*u + 6. Let b be z(6). Suppose b*n = 3*n - 42. Calculate the remainder when 1*(-10)/6 - (2707320/252)/(-110) is divided by n.
12
Let h(g) = -41*g - 2119. What is the remainder when h(-59) is divided by 40?
20
Let j be (-1 + (-8)/(-6))*(-228)/(-2). Suppose -3*o + 5*s = -j, 0 = -0*o + 5*o - 4*s - 85. Calculate the remainder when o/(40/25 + -1) is divided by 9.
8
What is the remainder when 3*47*3/9 is divided by ((-4095)/(-91))/(2 + 3)?
2
Let r(p) = -153*p + 4. Let u be r(-2). Suppose -u = -5*z + h, 2*h - 98 = 5*z - 413. What is the remainder when z is divided by 16?
13
Suppose -f - 324 = -5*f. Let i(y) = 2*y**2 + 66*y - 116. What is the remainder when f is divided by i(-35)?
9
Let u(b) = -137*b - 518. Calculate the remainder when 108 is divided by u(-4).
18
Suppose -3*d = -14 + 5. Suppose 8 = -2*s + 2, 3*k + 6 = -d*s. Calculate the remainder when 1 is divided by k.
0
Let p be (-1986)/30 + 3 + 1/5. Let d = p - -64. What is the remainder when 19 is divided by d/(2*4/64)?
3
Let d(k) = -k**3 + 19*k**2 + k**3 + 2*k**3 - 542*k + 529*k. Calculate the remainder when 328 is divided by d(-10).
28
Let p be 208 - 3 - (1 - -1). Suppose 2*w = 5*o - p, o - w = 20 + 20. Let h(z) = -z**3 - z**2 - z + 1. Calculate the remainder when o is divided by h(-2).
6
Suppose 0 = 32*v - 4924 - 59108. Calculate the remainder when v is divided by 22.
21
Let r = -2063 + 2267. What is the remainder when r is divided by 27?
15
Let s(v) = -2*v**2 - 8*v - 5. Let u be s(-7). Let f = u + 134. Let b(d) = d**2 + 6*d - 701. What is the remainder when f is divided by b(24)?
11
Let x(t) = -37*t - 73. Let m be x(-13). Suppose 0 = -8*b + m + 736. Calculate the remainder when b is divided by 19.
10
Let g(a) = -a**2 + 35*a + 102. Let b be g(38). What is the remainder when (-1 - (-56)/b)*-6 is divided by 12?
10
Suppose -3 - 12 = -5*s. What is the remainder when 725/75 - 45/27 is divided by s?
2
Suppose -625 = 63*r - 2704. What is the remainder when 80 is divided by r?
14
Calculate the remainder when 81 is divided by 47 - 18/(18 + -16).
5
Suppose 2*r - 214 = 2*f, -r + 112 = f + 11. What is the remainder when 138 is divided by r?
34
Let d = -59 - -196. Let t(u) = 208*u + 47493. Calculate the remainder when d is divided by t(-228).
68
Let w(t) = t**2 + 12*t + 4. Let v be w(-12). Suppose 0 = 5*r - 8*h + 3*h, -v*r - 4*h = 8. Calculate the remainder when (2 - -1) + (-93)/r is divided by 33.
30
What is the remainder when 17488/36 + (-664)/(-72) + -9 is divided by 70?
66
Let y(s) = -s**2 + 7*s + 45. Let o be y(-4). What is the remainder when 2*o/(-5) + (-5312)/(-80) is divided by 19?
9
Let t = 344 - 312. Calculate the remainder when 1407 is divided by t.
31
Suppose 10*u - 267 = -4*c + 15*u, -2*u + 206 = 3*c. What is the remainder when c is divided by 10?
8
Suppose -3*i - l - l = -43, i - 26 = -3*l. Suppose i*n - 98 = 276. Calculate the remainder when n is divided by 12.
10
Let l = -13756 + 13866. What is the remainder when l is divided by 54/8 + (-1)/(-4)?
5
Let g(z) = 152*z + 6. Let b be g(-3). What is the remainder when 103 is divided by (300/b)/((-2)/111 + 0)?
29
Let x = 86 - 58. Let a = x + -27. Suppose 0 = 245*d - 243*d - 2. What is the remainder when d is divided by a?
0
Let z = 48 + -45. Suppose 70 = z*l - l. Let b = 50 - l. Calculate the remainder when 42 is divided by b.
12
Let r(l) = l**2 - 9*l + 29. Let f be r(9). Let c = f + -23. Suppose -120 = -c*x - 2*x. What is the remainder when 87 is divided by x?
12
Let s(c) = -c**3 - 9*c**2 - 21*c + 33. Let j(z) = -z**3 - 10*z**2 - 21*z + 32. Let y(t) = -5*j(t) + 4*s(t). Calculate the remainder when y(-8) is divided by 50.
38
Calculate the remainder when (-1)/15*2 - 3379382/(-5190) is divided by 20.
11
Calculate the remainder when (3 - -954) + 0 + 45 + -41 is divided by 63.
16
Let z be ((-12)/(-7))/(10/(-53130)*-11). Let f = z + -803. Calculate the remainder when f is divided by 9.
7
Let j(h) be the first derivative of 27*h - 1/4*h**4 - 3*h**2 - 8/3*h**3 - 42. Calculate the remainder when 29 is divided by j(-7).
9
Let z(d) = 30*d**2 + 324*d - 25. What is the remainder when z(6) is divided by 143?
139
Let r = 3 - 2. Let a(o) = o**3 - 40*o**2 + 72*o + 173. What is the remainder when (-15)/6*(-12)/r is divided by a(38)?
9
Let q(z) = 12*z - 357. Let n be q(28). Let r(d) = -d**2 - 23*d + 5. What is the remainder when 126 is divided by r(n)?
32
Suppose 0 = -7*o - 4*x + 601, -5*o - 2*x + 331 = -100. What is the remainder when o is divided by 42?
3
Let k(f) = 450*f - 58264. Suppose 88 = 4*d - 4*w, 4*w + 12 = 3*d - 56. What is the remainder when k(130) is divided by d?
16
Suppose -212*m + 9705 = -5983. Calculate the remainder when 1404 is divided by m.
72
Let z(u) = u**3 - 9*u**2 + 2*u + 12. Let o be z(9). Let s = 159 + -59. Suppose 25*h = o*h - s. What is the remainder when 68 is divided by h?
8
Suppose -o + 3*c + 95 = -36, 4*c = o - 125. What is the remainder when o is divided by 28?
9
Let s = 16 - 39. Let y = 79 - s. What is the remainder when y is divided by 964/36 - 2/(-9)?
21
Suppose 317*t - 340*t + 273 = -785. What is the remainder when 27184 is divided by t?
44
Calculate the remainder when (-40170)/117*(-12)/8 is divided by 174.
167
Let p(o) = 7*o**2 - 479*o - 1912. Suppose g - 5*g - 56 = s, -200 = 5*s + 4*g. Calculate the remainder when p(-4) is divided by 0/(-3) - -3 - s.
38
Let g(i) be the second derivative of -1/20*i**5 - 13*i + 0 - 7/2*i**2 - 2/3*i**3 - 1/3*i**4. What is the remainder when g(-4) is divided by 4?
1
Suppose 2*z - 2*h + 14 = 3*z, -z + 2*h = -34. Suppose -3*x + 121 = 5*t, -t - 5 = -x + 22. Suppose -z = y - x. Calculate the remainder when 30 is divided by y.
6
Let r(t) = 10*t + 53. Let q be r(-3). Suppose q*d + 96 = 418. What is the remainder when 45 is divided by d?
3
Let m be (-3 - -12)*(0 - 1). Let i(r) = r**2 + 4*r - 22. Calculate the remainder when 32 is divided by i(m).
9
What is the remainder when 38772/48 + 75/(-100) is divided by 305?
197
Let a = 9766 - 9714. What is the remainder when 250 is divided by a?
42
Let s(g) = 157*g**2 - 45*g**2 - 181*g + 179*g + 3 - 1. Let f be s(1). Suppose 0 = 7*h - 14 - f. Calculate the remainder when h is divided by 10.
8
Let j(x) = 2*x + 4. Let t be j(6). What is the remainder when 119 is divided by 3/(6 - 6 - (-6)/t)?
7
Calculate the remainder when 114 is divided by (0 - -9)/(((-5)/(-10))/(3/2)).
6
Suppose -m - r = -2677, 17*r = -m + 12*r + 2677. Suppose m = g + 2588. What is the remainder when g is divided by 52?
37
Let o(z) = -623*z - 3652. Calculate the remainder when 1731 is divided by o(-6).
11
Let n = 12 + -8. Suppose -2*t - 5*b + 9 = -4, -2*b = -n*t + 86. Suppose -20*x + 5 = -t*x. What is t